{"id":1606,"date":"2022-09-03T06:24:20","date_gmt":"2022-09-03T06:24:20","guid":{"rendered":"http:\/\/quartierdurablesaintjob.be\/?page_id=1606"},"modified":"2025-06-10T19:18:14","modified_gmt":"2025-06-10T19:18:14","slug":"nous-sommes-st-job-wij-zijn-st-job","status":"publish","type":"page","link":"https:\/\/quartierdurablesaintjob.be\/?page_id=1606","title":{"rendered":"Nous sommes St-Job &#8211; Wij zijn St-Job"},"content":{"rendered":"\n<p class=\"has-text-align-center\"><em><strong>Consultez le <a href=\"http:\/\/quartierdurablesaintjob.be\/?page_id=1741\">GUIDE<\/a> pratique (version FR et NL) et le formulaire d&rsquo;autorisation<\/strong><\/em> (<strong><em>FR et NL)<\/em><\/strong><\/p>\n\n\n\n<hr class=\"wp-block-separator has-alpha-channel-opacity\"\/>\n\n\n\n<p class=\"has-medium-font-size\">Le projet \u2018Nous Sommes St-Job\u2019 invite les gens li\u00e9s au quartier \u00e0 se prendre mutuellement en photo et \u00e0 \u00e9changer sur leurs attaches \u00e0 St-Job. C\u2019est l\u2019occasion de faire de nouvelles connaissances et de contribuer \u00e0 une m\u00e9moire collective de la diversit\u00e9 et de la richesse de notre communaut\u00e9.<\/p>\n\n\n\n<p class=\"has-medium-font-size\">Les portraits r\u00e9alis\u00e9s (photo et texte) seront expos\u00e9s sous forme d\u2019affiches dans divers lieux publics ou priv\u00e9s \u00e0 travers le quartier et repris sur les supports \u00e9lectroniques du projet.<\/p>\n\n\n\n<figure class=\"wp-block-gallery has-nested-images columns-default is-cropped wp-block-gallery-1 is-layout-flex wp-block-gallery-is-layout-flex\">\n<figure class=\"wp-block-image size-large\"><a href=\"http:\/\/quartierdurablesaintjob.be\/wp-content\/uploads\/2024\/12\/NSSJ2_AfficheExpl_NL-A3-scaled.jpg\"><img loading=\"lazy\" decoding=\"async\" width=\"734\" height=\"1024\" data-id=\"2023\" src=\"http:\/\/quartierdurablesaintjob.be\/wp-content\/uploads\/2024\/12\/NSSJ2_AfficheExpl_NL-A3-734x1024.jpg\" alt=\"\" class=\"wp-image-2023\" srcset=\"https:\/\/quartierdurablesaintjob.be\/wp-content\/uploads\/2024\/12\/NSSJ2_AfficheExpl_NL-A3-734x1024.jpg 734w, https:\/\/quartierdurablesaintjob.be\/wp-content\/uploads\/2024\/12\/NSSJ2_AfficheExpl_NL-A3-215x300.jpg 215w, https:\/\/quartierdurablesaintjob.be\/wp-content\/uploads\/2024\/12\/NSSJ2_AfficheExpl_NL-A3-768x1071.jpg 768w, https:\/\/quartierdurablesaintjob.be\/wp-content\/uploads\/2024\/12\/NSSJ2_AfficheExpl_NL-A3-1101x1536.jpg 1101w, https:\/\/quartierdurablesaintjob.be\/wp-content\/uploads\/2024\/12\/NSSJ2_AfficheExpl_NL-A3-1468x2048.jpg 1468w, https:\/\/quartierdurablesaintjob.be\/wp-content\/uploads\/2024\/12\/NSSJ2_AfficheExpl_NL-A3-574x800.jpg 574w, https:\/\/quartierdurablesaintjob.be\/wp-content\/uploads\/2024\/12\/NSSJ2_AfficheExpl_NL-A3-scaled.jpg 1836w\" sizes=\"auto, (max-width: 734px) 100vw, 734px\" \/><\/a><\/figure>\n\n\n\n<figure class=\"wp-block-image size-large\"><a href=\"http:\/\/quartierdurablesaintjob.be\/wp-content\/uploads\/2024\/12\/NSSJ2_AfficheExpl_FR-A3-scaled.jpg\"><img loading=\"lazy\" decoding=\"async\" width=\"734\" height=\"1024\" data-id=\"2022\" src=\"http:\/\/quartierdurablesaintjob.be\/wp-content\/uploads\/2024\/12\/NSSJ2_AfficheExpl_FR-A3-734x1024.jpg\" alt=\"\" class=\"wp-image-2022\" srcset=\"https:\/\/quartierdurablesaintjob.be\/wp-content\/uploads\/2024\/12\/NSSJ2_AfficheExpl_FR-A3-734x1024.jpg 734w, https:\/\/quartierdurablesaintjob.be\/wp-content\/uploads\/2024\/12\/NSSJ2_AfficheExpl_FR-A3-215x300.jpg 215w, https:\/\/quartierdurablesaintjob.be\/wp-content\/uploads\/2024\/12\/NSSJ2_AfficheExpl_FR-A3-768x1071.jpg 768w, https:\/\/quartierdurablesaintjob.be\/wp-content\/uploads\/2024\/12\/NSSJ2_AfficheExpl_FR-A3-1101x1536.jpg 1101w, https:\/\/quartierdurablesaintjob.be\/wp-content\/uploads\/2024\/12\/NSSJ2_AfficheExpl_FR-A3-1468x2048.jpg 1468w, https:\/\/quartierdurablesaintjob.be\/wp-content\/uploads\/2024\/12\/NSSJ2_AfficheExpl_FR-A3-574x800.jpg 574w, https:\/\/quartierdurablesaintjob.be\/wp-content\/uploads\/2024\/12\/NSSJ2_AfficheExpl_FR-A3-scaled.jpg 1836w\" sizes=\"auto, (max-width: 734px) 100vw, 734px\" \/><\/a><\/figure>\n<\/figure>\n\n\n\n<p><a rel=\"noreferrer noopener\" href=\"http:\/\/quartierdurablesaintjob.be\/?page_id=1741\" target=\"_blank\">Guide<\/a> pratique (version FR et version NL) et formulaire d&rsquo;autorisation<\/p>\n\n\n\n<p><a href=\"https:\/\/quartierdurablesaintjob.be\/?page_id=2070\" data-type=\"link\" data-id=\"https:\/\/quartierdurablesaintjob.be\/?page_id=2070\">Galerie<\/a> : Affiches 2025<\/p>\n\n\n\n<p><a rel=\"noreferrer noopener\" href=\"https:\/\/quartierdurablesaintjob.be\/?page_id=2020\" target=\"_blank\">Galerie<\/a> : Affiches 2024<\/p>\n\n\n\n<p><a href=\"https:\/\/quartierdurablesaintjob.be\/?page_id=1894\" data-type=\"URL\" data-id=\"https:\/\/quartierdurablesaintjob.be\/?page_id=1894\">Galerie<\/a> : Affiches \u00e9t\u00e9 2023<\/p>\n\n\n\n<p><a href=\"https:\/\/quartierdurablesaintjob.be\/?page_id=1613\">Galerie<\/a> : Affiches 2022<\/p>\n\n\n\n<p><a href=\"http:\/\/quartierdurablesaintjob.be\/?page_id=1649\">Galerie sp\u00e9ciale<\/a> : Youplaboum &lsquo;Nous Sommes St Job&rsquo; projet d\u2019\u00e9t\u00e9 2022<\/p>\n","protected":false},"excerpt":{"rendered":"<p>Consultez le GUIDE pratique (version FR et NL) et le formulaire d&rsquo;autorisation (FR et NL) Le projet \u2018Nous Sommes St-Job\u2019 invite les gens li\u00e9s au quartier \u00e0 se prendre mutuellement en photo et \u00e0 \u00e9changer sur leurs attaches \u00e0 St-Job. &hellip; <a href=\"https:\/\/quartierdurablesaintjob.be\/?page_id=1606\">Continue la lecture <span class=\"meta-nav\">&rarr;<\/span><\/a><\/p>\n","protected":false},"author":2,"featured_media":0,"parent":0,"menu_order":0,"comment_status":"closed","ping_status":"closed","template":"","meta":{"footnotes":""},"class_list":["post-1606","page","type-page","status-publish","hentry"],"_links":{"self":[{"href":"https:\/\/quartierdurablesaintjob.be\/index.php?rest_route=\/wp\/v2\/pages\/1606","targetHints":{"allow":["GET"]}}],"collection":[{"href":"https:\/\/quartierdurablesaintjob.be\/index.php?rest_route=\/wp\/v2\/pages"}],"about":[{"href":"https:\/\/quartierdurablesaintjob.be\/index.php?rest_route=\/wp\/v2\/types\/page"}],"author":[{"embeddable":true,"href":"https:\/\/quartierdurablesaintjob.be\/index.php?rest_route=\/wp\/v2\/users\/2"}],"replies":[{"embeddable":true,"href":"https:\/\/quartierdurablesaintjob.be\/index.php?rest_route=%2Fwp%2Fv2%2Fcomments&post=1606"}],"version-history":[{"count":29,"href":"https:\/\/quartierdurablesaintjob.be\/index.php?rest_route=\/wp\/v2\/pages\/1606\/revisions"}],"predecessor-version":[{"id":2073,"href":"https:\/\/quartierdurablesaintjob.be\/index.php?rest_route=\/wp\/v2\/pages\/1606\/revisions\/2073"}],"wp:attachment":[{"href":"https:\/\/quartierdurablesaintjob.be\/index.php?rest_route=%2Fwp%2Fv2%2Fmedia&parent=1606"}],"curies":[{"name":"wp","href":"https:\/\/api.w.org\/{rel}","templated":true}]}}